 divided by 53850.
7
What is the remainder when 3939170 is divided by 995?
960
Calculate the remainder when 2281 is divided by 158.
69
What is the remainder when 555562 is divided by 9?
1
Calculate the remainder when 3282670 is divided by 276.
202
What is the remainder when 14226 is divided by 3608?
3402
What is the remainder when 1073014 is divided by 53649?
34
Calculate the remainder when 287064 is divided by 1856.
1240
What is the remainder when 2384706 is divided by 501?
447
What is the remainder when 2689684 is divided by 2946?
2932
Calculate the remainder when 244995 is divided by 528.
3
What is the remainder when 9184 is divided by 419?
385
What is the remainder when 163217 is divided by 581?
537
Calculate the remainder when 2163076 is divided by 2162128.
948
Calculate the remainder when 97958171 is divided by 13.
12
What is the remainder when 38121 is divided by 18788?
545
Calculate the remainder when 12936953 is divided by 1748.
5
Calculate the remainder when 15913437 is divided by 60.
57
What is the remainder when 853411 is divided by 2027?
44
Calculate the remainder when 11157 is divided by 5567.
23
What is the remainder when 48381 is divided by 845?
216
Calculate the remainder when 18277977 is divided by 40.
17
What is the remainder when 13056601 is divided by 95?
86
What is the remainder when 167191620 is divided by 41797902?
12
What is the remainder when 802433 is divided by 114350?
1983
What is the remainder when 7122161 is divided by 142?
9
Calculate the remainder when 67412180 is divided by 904.
900
What is the remainder when 36397 is divided by 33460?
2937
What is the remainder when 589856 is divided by 241?
129
What is the remainder when 1783686 is divided by 855?
156
What is the remainder when 214722109 is divided by 23?
20
What is the remainder when 397575471 is divided by 106?
105
What is the remainder when 84524003 is divided by 62150?
3
What is the remainder when 25634418 is divided by 3220?
3218
Calculate the remainder when 91375 is divided by 13578.
9907
What is the remainder when 892749 is divided by 17160?
429
What is the remainder when 4227091 is divided by 704513?
13
Calculate the remainder when 10568396 is divided by 1677.
1619
What is the remainder when 826940 is divided by 3007?
15
What is the remainder when 1011327 is divided by 697?
677
What is the remainder when 12653 is divided by 1056?
1037
Calculate the remainder when 1238725 is divided by 526.
521
Calculate the remainder when 6999 is divided by 6794.
205
What is the remainder when 48078 is divided by 24028?
22
What is the remainder when 283261 is divided by 2009?
2001
Calculate the remainder when 1423347 is divided by 3405.
57
What is the remainder when 6867203 is divided by 626?
609
What is the remainder when 46453 is divided by 1093?
547
What is the remainder when 510877 is divided by 169870?
1267
What is the remainder when 1629622 is divided by 182?
176
What is the remainder when 1224310 is divided by 8?
6
What is the remainder when 1465114 is divided by 44397?
13
Calculate the remainder when 2414 is divided by 1216.
1198
Calculate the remainder when 626313 is divided by 208724.
141
Calculate the remainder when 23694173 is divided by 6.
5
Calculate the remainder when 70635769 is divided by 355.
354
Calculate the remainder when 88639 is divided by 88579.
60
Calculate the remainder when 4753592 is divided by 1654.
1650
What is the remainder when 4660352 is divided by 60524?
4
What is the remainder when 343469 is divided by 6195?
2744
Calculate the remainder when 153365 is divided by 5287.
42
What is the remainder when 995059 is divided by 788?
603
What is the remainder when 434644275 is divided by 544667?
9
Calculate the remainder when 15137618 is divided by 162770.
8
Calculate the remainder when 82248495 is divided by 453.
3
What is the remainder when 23334117 is divided by 199435?
222
Calculate the remainder when 876028 is divided by 98.
6
Calculate the remainder when 1358914 is divided by 393.
313
Calculate the remainder when 25077127 is divided by 121.
119
What is the remainder when 2583968 is divided by 1709?
1669
Calculate the remainder when 561350 is divided by 442.
10
Calculate the remainder when 26360 is divided by 733.
705
Calculate the remainder when 62121024 is divided by 7.
0
Calculate the remainder when 419829 is divided by 369.
276
Calculate the remainder when 3571860 is divided by 3571848.
12
Calculate the remainder when 1804623 is divided by 44.
7
What is the remainder when 7268039 is divided by 389?
352
Calculate the remainder when 95890 is divided by 615.
565
What is the remainder when 4464643 is divided by 158?
37
Calculate the remainder when 3789936 is divided by 947481.
12
Calculate the remainder when 1546192 is divided by 5241.
97
Calculate the remainder when 731679 is divided by 4020.
39
What is the remainder when 757717 is divided by 168?
37
Calculate the remainder when 59087 is divided by 1246.
525
Calculate the remainder when 358015 is divided by 1722.
1561
What is the remainder when 1426807 is divided by 284?
275
Calculate the remainder when 1202558 is divided by 74.
58
Calculate the remainder when 1164825 is divided by 13086.
171
What is the remainder when 31879368 is divided by 973?
969
Calculate the remainder when 2855945 is divided by 1427954.
37
What is the remainder when 10144264 is divided by 3381420?
4
Calculate the remainder when 4172475 is divided by 322.
321
What is the remainder when 8269394 is divided by 582?
338
What is the remainder when 9272 is divided by 3768?
1736
What is the remainder when 27642 is divided by 6891?
78
What is the remainder when 15829398 is divided by 33?
24
Calculate the remainder when 11513875 is divided by 983.
979
What is the remainder when 924379 is divided by 4108?
79
Calculate the remainder when 16759803 is divided by 42.
39
What is the remainder when 103570 is divided by 139?
15
What is the remainder when 5526 is divided by 5515?
11
Calculate the remainder when 199593 is divided by 46.
45
What is the remainder when 856796 is divided by 36?
32
Calculate the remainder when 340322 is divided by 3371.
3222
What is the remainder when 2176410017 is divided by 9754?
9751
Calculate the remainder when 22823321 is divided by 3823.
11
What is the remainder when 26684 is divided by 4366?
488
What is the remainder when 87750 is divided by 2069?
852
Calculate the remainder when 462492 is divided by 356.
48
Calculate the remainder when 4393969 is divided by 468.
385
Calculate the remainder when 816953 is divided by 28165.
168
Calculate the remainder when 16830968 is divided by 4687.
4638
Calculate the remainder when 1210780278 is divided by 5881.
5879
What is the remainder when 56989 is divided by 2317?
1381
What is the remainder when 223305 is divided by 3184?
425
What is the remainder when 14230178 is divided by 664?
658
Calculate the remainder when 325729 is divided by 208.
1
What is the remainder when 5414360 is divided by 556?
32
What is the remainder when 2804988 is divided by 51944?
12
What is the remainder when 257653 is divided by 492?
337
Calculate the remainder when 8541441 is divided by 475.
466
Calculate the remainder when 18388758 is divided by 12.
6
What is the remainder when 6045388 is divided by 431800?
188
What is the remainder when 31348498 is divided by 163?
12
What is the remainder when 2698762 is divided by 385512?
178
Calculate the remainder when 869799 is divided by 217432.
71
Calculate the remainder when 13399173 is divided by 2071.
1874
Calculate the remainder when 1341138088 is divided by 10.
8
Calculate the remainder when 6140625 is divided by 877221.
78
Calculate the remainder when 2660037 is divided by 5462.
43
Calculate the remainder when 2906186 is divided by 1063.
1007
Calculate the remainder when 467421 is divided by 116845.
41
What is the remainder when 36929851 is divided by 683886?
7
What is the remainder when 27471320 is divided by 3558?
2
What is the remainder when 18000267 is divided by 4026?
21
Calculate the remainder when 10410 is divided by 92.
14
What is the remainder when 34471739 is divided by 380?
39
Calculate the remainder when 231088 is divided by 2083.
1958
What is the remainder when 259319 is divided by 10448?
8567
What is the remainder when 6